-3). Let c(m) = -9*m**2 + 4*m - 6. Let d be c(1). Let p = r + d. What is the tens digit of p?
2
Let k be ((72/15)/1)/(12/30). Let q(r) = 4*r**2 - 8*r + 76. What is the tens digit of q(k)?
5
Let k(x) = x**3 - 3*x**2 - 5*x + 6. Let n be k(4). Suppose -4*y - 6 = 5*j + 8, -n*j + 1 = -5*y. What is the hundreds digit of (244/(-10))/(6/(-30)) - y?
1
Let k(i) = i**3 - 5*i**2 - 5*i + 3. Let n be k(6). Let m(w) be the third derivative of 7*w**4/24 + 3*w**3/2 + w**2. What is the tens digit of m(n)?
7
Suppose r + 3 + 0 = 0, -5*s = 4*r - 563. Let l = -108 + s. What is the units digit of l?
7
What is the ten thousands digit of ((-173646)/(-27))/(((-6)/(-4))/(9/1))?
3
Let j(a) = 3*a**2 + 24*a - 31. Let r(q) = 5*q**2 + 23*q - 31. Let m(d) = 3*j(d) - 2*r(d). What is the units digit of m(19)?
2
Let a be 8/(-52) - ((-184)/13 + -3). Suppose 7*i - 9 = 10*i, -4*y - i = -a. Suppose 2*c + y*c = 1246. What is the hundreds digit of c?
1
What is the units digit of (-6)/14 + 30270351/553?
8
Let z = 36 + -24. Let i(h) = -1 - 3*h**2 - z*h**3 + 17*h - 3 - 24*h. What is the tens digit of i(-2)?
9
Let v(h) = -12 - 3*h + 5*h + 3*h + 3*h**2 - 4*h. What is the hundreds digit of v(-15)?
6
Let h(a) = -7*a - 115. Let x be h(-17). Suppose -3*r = -15, q + x*q - 365 = r. What is the units digit of q?
4
Let i(k) = -175*k**2 + 5*k - 5. Let v(g) = 347*g**2 - 11*g + 10. Let w(l) = 5*i(l) + 3*v(l). What is the hundreds digit of w(2)?
6
Let a(j) = -j**2 + j - 9. Let i be a(6). Let t = -34 - i. Suppose 5*c + 4*k - 516 = t*k, 2*c + 4*k - 202 = 0. What is the tens digit of c?
0
Let l be (-2 - 892/(-10)) + (-4)/(-5). Let h be l/(-4) - 4*6/8. What is the units digit of 27/((h/(-5))/25)?
5
Let p be 123/287 + (-18)/(-7). What is the units digit of 48*-2*((-26)/8 + p)?
4
Let c = -452 + 434. What is the units digit of (54/c)/((-6)/1616)?
8
Let a(f) = 133*f - 608. What is the tens digit of a(16)?
2
Suppose -4813 - 9467 = -17*m. Suppose -75 = -4*k - 59, 0 = -2*h - 3*k + m. What is the hundreds digit of h?
4
Suppose -62*k = -524715 + 183901. What is the hundreds digit of k?
4
Let q = 2626 + 293. What is the hundreds digit of q?
9
Suppose -3*q + 3*i - 132 = -0*q, 0 = 4*q + 4*i + 216. Let r be 28/q*(-2163)/6. What is the units digit of (-6)/7*((2 - r) + 1)?
4
Suppose -10*w = -13*w + 798. Suppose -2*k - 2*k = 5*b + 1009, -k - w = 4*b. What is the tens digit of ((-14)/(-3) - 5)/(2/k)?
4
Let d be 45/105 - (-372)/14. Suppose 24*k = d*k - 1278. What is the hundreds digit of k?
4
Let d(o) = 6*o - 2*o - 3 - 7*o**2 + 2*o**3 + 0*o. Let m(x) = -x**3 - x - 1. Let w(g) = d(g) + 4*m(g). What is the units digit of w(-5)?
8
Suppose -3*d = z - 12826, -4*d + 2*d + z = -8554. Suppose d = 5*j + r, 0 = -14*j + 19*j + 5*r - 4280. What is the hundreds digit of j?
8
Let i = 83 + -66. Suppose -4 = h, -i*p + 14*p + 3*h + 2034 = 0. What is the hundreds digit of p?
6
Let g be ((-6)/(-15))/((-3)/(-15)). Suppose 0 = -g*l - 6, 5*l = 3*u - 5*u + 1451. What is the tens digit of u?
3
Suppose -z = 5*y - 23055, -144*z - y + 23087 = -143*z. What is the thousands digit of z?
3
Let k = -99 + 77. Let u = k + 34. Suppose 0 = -3*t + u*t - 972. What is the units digit of t?
8
Let i(m) = m**3 - 6*m**2 - m + 4. Let t be i(7). Let x(n) = -2*n**3 - 50*n**2 + 46*n - 14. Let j be x(-26). Let v = j - t. What is the units digit of v?
6
Suppose 0 = 12*m + 14*m - 31*m + 201020. What is the ten thousands digit of m?
4
Suppose 4*u + 0*f - 228 = -4*f, -4*f - 258 = -5*u. Suppose 4*v - 5*s = 587, v - 74 - u = 5*s. What is the tens digit of v?
5
Let g(b) = -b**2 - 6*b + 31. Let u be g(3). Suppose -w - u*c = -1441, 5*c + 277 = -2*w + 3168. What is the hundreds digit of w?
4
Let h(v) = 10*v**3 - 5*v**2 + 32*v - 199. What is the tens digit of h(6)?
7
Let y be -2 - -4 - (4 + -5). Suppose -u - y*g = -143, 6*g - g = -5. What is the hundreds digit of u?
1
Let g(a) = -5*a**3 + 8*a**2 + 2*a - 3. Let w be g(-5). Let x be (12/(-5))/((12/50)/(21/(-35))). Suppose x*t - w = -t. What is the hundreds digit of t?
1
Suppose 9*s + 0*s + 91152 = 0. Let v be ((-2)/(-4))/((-24)/s). Let q = v + -116. What is the units digit of q?
5
Suppose 5*j - 8*j = -21. Suppose -2*q - 1870 = -j*q. Suppose -5*l + 6*l - q = -3*y, -370 = -3*y - 5*l. What is the hundreds digit of y?
1
Let d = 143188 - 91551. What is the units digit of d?
7
Suppose 3*u + 2 = u. Let o(z) = 12*z**3 + z**2 - 103*z**3 + 0*z**2 + 2542 - 2540 + 3*z. What is the tens digit of o(u)?
9
What is the units digit of 12045 + 4 + (-144)/9 + 11?
4
Suppose 45*r = 43*r - 1316. Let i = r + 1000. What is the tens digit of i?
4
Let x = 39 + -43. What is the tens digit of 1 - x - (-36888)/58?
4
Let l(d) = 5*d - 28 + 16 + 4*d. Let q be l(2). What is the hundreds digit of (-4)/q*13/((-13)/246)?
1
Let s(n) = 2*n**2 + 7*n + 16. Let u(j) = j**3 + 3*j**2 + 6*j + 6. Let g be u(-3). Let p be -5 - -3*(-4)/g. What is the units digit of s(p)?
0
Let p(m) = -m**3 + 6*m**2 + 8*m - 9. Let u be p(7). Let a be 0 + (-10)/5 - u. Suppose a = 5*c + 10, -c - 397 = -4*j - j. What is the tens digit of j?
7
Let j(b) = b**2 + 127*b + 32. What is the tens digit of j(43)?
4
Let r(b) = 2130*b + 2250. What is the thousands digit of r(18)?
0
Suppose -3*g + 2*p = -8*g + 21743, -4*p = -16. What is the hundreds digit of g?
3
Let s = 11943 + -6383. What is the hundreds digit of s?
5
Suppose 4*i + 16 = 0, -h = -27*i + 26*i + 853. Let v = -189 - h. What is the units digit of v?
8
What is the units digit of ((-6)/(-4))/((-125)/(-25250))?
3
Let i(c) = -9555*c + 83. What is the tens digit of i(-3)?
4
What is the thousands digit of (-135)/(-6)*(-161720)/(-650)?
5
What is the units digit of ((-40)/220)/((-2)/258883) - 16/(-88)?
5
Let d = 34776 - 9503. What is the hundreds digit of d?
2
Suppose 338*u = 3739823 + 10879353. What is the units digit of u?
2
Let f(y) = -2*y**3 - y**2 + 3*y - 4. Let x be f(4). Let w = x - -312. Suppose -10*z + 2*z = -w. What is the tens digit of z?
2
Suppose 2 = -3*g - 4*l, 4*g - 3 - 15 = 5*l. Suppose 7 = 3*o - g, -5*j + 5*o = 115. Let y(k) = k**3 + 19*k**2 - 23*k + 2. What is the tens digit of y(j)?
6
Let j = 25 - 64. Let n be (52/j)/((-4)/6). Suppose n*s - 35 - 41 = 0. What is the tens digit of s?
3
Let j(v) = 37*v**2 - 5*v + 506. What is the units digit of j(22)?
4
Let y be ((-12)/10)/(3/(-5)). Suppose 4174 = 4*r + y*d, 4*r + 4165 = 8*r - d. What is the hundreds digit of r?
0
Suppose -5*n - 3*x + 36529 = -58132, -4*x + 94663 = 5*n. What is the units digit of n?
1
Suppose -33*n + 12 = -27*n. Suppose n*c - 154 = 32. What is the tens digit of c?
9
Let w(q) = -893*q - 188. What is the thousands digit of w(-8)?
6
Suppose 220 = 5*s - m - 88, -2*m = -4*s + 244. Suppose -53*f - 2934 = -s*f. What is the units digit of f?
6
Let o(l) = l + 32. Suppose 3*j = 8 - 20. What is the units digit of o(j)?
8
Let n(w) = -41*w**3 + 2*w**2 + w - 3. Suppose -4*s = 3*o + 2 + 16, s = 4*o + 5. What is the tens digit of n(o)?
3
Let n = -3402 - -8376. What is the hundreds digit of n?
9
What is the units digit of 264/(-15)*565/(-4)*(39 + -21)?
8
Let r(d) be the first derivative of 10*d**3/3 - 4*d**2 - 10*d + 129. What is the units digit of r(7)?
4
Suppose -44*q - 5*k - 223150 = -51*q, -5*k = q - 31890. What is the hundreds digit of q?
8
Suppose 0 = -64*t + 68*t - 8. Suppose 4*x = -4*i + 1596, -4*i - 1232 = -x - t*x. What is the tens digit of x?
0
Suppose 90*p = 91*p - 4. What is the hundreds digit of ((-257)/p)/((-11)/88)?
5
Suppose b - 2*s = -803 + 18322, 0 = -2*b - 3*s + 35087. What is the units digit of b?
3
Suppose 0 = -2*t - 2, 3638*s - 3634*s - 2*t - 84818 = 0. What is the ten thousands digit of s?
2
Let o = 40 + -37. Suppose -8 = -3*c + 4*n, n - 1 = o*c - 3. Suppose c = -5*d - 5*f + 920, 8*d - 6*d + 3*f - 364 = 0. What is the hundreds digit of d?
1
Suppose 0 = u - 5*u - 2*k + 292, 0 = 3*u - 2*k - 219. Let l = u + 15. What is the units digit of l?
8
Let f(y) = 2*y**3 - 39*y**2 - 15*y + 8. What is the tens digit of f(27)?
3
Let t be (-2)/10 - 33/(-15). Suppose t*h = -24 + 6. What is the tens digit of h + 92 - -1*(-3 + 0)?
8
Let x = -11 + 19. Let s(w) = -3*w**3 - 4*w**2 + 9*w + 14. Let p(t) = -t**3 + t**2 + t - 1. Let i(q) = -4*p(q) + s(q). What is the units digit of i(x)?
8
Suppose 11*z - 39 = 16. Suppose -z*o + 2*q + 5337 = 3*q, 4*o = 5*q + 4287. What is the hundreds dig